{"id":492,"date":"2024-04-26T03:54:36","date_gmt":"2024-04-26T03:54:36","guid":{"rendered":"https:\/\/tresonsw.com\/?post_type=product&#038;p=492"},"modified":"2024-05-20T00:35:39","modified_gmt":"2024-05-20T00:35:39","slug":"barniz-artesanal","status":"publish","type":"product","link":"https:\/\/tresonsw.com\/index.php\/producto\/barniz-artesanal\/","title":{"rendered":"Barniz Artesanal"},"content":{"rendered":"<p>Barniz Acr\u00edlico Base solvente, Auto primario, de secado r\u00e1pido, tanto para uso domestico, usuarios profesionales y trabajos de alta producci\u00f3n en muebles, artesan\u00edas o accesorios de madera.<\/p>\n<p>Presentaciones:\u00a0<span class=\"container-data\">Litro, gal\u00f3n (4 Lts)<\/span><\/p>\n<h2>BENEFICIOS:<\/h2>\n<div class=\"col-1-benefits\">\n<ul class=\"list-benefits\">\n<li><i class=\"fa fa-check\"><\/i>Sellador y acabado en un paso<\/li>\n<li><i class=\"fa fa-check\"><\/i>Excelente transparencia<\/li>\n<li><i class=\"fa fa-check\"><\/i>Bajo amarillamiento<\/li>\n<\/ul>\n<\/div>\n","protected":false},"excerpt":{"rendered":"<p>Barniz Acr\u00edlico Base solvente, Auto primario, de secado r\u00e1pido, tanto para uso domestico, usuarios profesionales y trabajos de alta producci\u00f3n en muebles, artesan\u00edas o accesorios de madera.<\/p>\n<p>Presentaciones:\u00a0<span class=\"container-data\">Litro, gal\u00f3n (4 Lts)<\/span><\/p>\n<h3><a href=\"https:\/\/wa.link\/r972e5\">COTIZAR PRODUCTO<\/a><\/h3>\n","protected":false},"featured_media":494,"comment_status":"open","ping_status":"closed","template":"","meta":{"saved_in_kubio":false,"_joinchat":[]},"product_brand":[],"product_cat":[55],"product_tag":[71],"class_list":{"0":"post-492","1":"product","2":"type-product","3":"status-publish","4":"has-post-thumbnail","6":"product_cat-barniz","7":"product_tag-barniz","9":"first","10":"instock","11":"shipping-taxable","12":"product-type-simple"},"_links":{"self":[{"href":"https:\/\/tresonsw.com\/index.php\/wp-json\/wp\/v2\/product\/492","targetHints":{"allow":["GET"]}}],"collection":[{"href":"https:\/\/tresonsw.com\/index.php\/wp-json\/wp\/v2\/product"}],"about":[{"href":"https:\/\/tresonsw.com\/index.php\/wp-json\/wp\/v2\/types\/product"}],"replies":[{"embeddable":true,"href":"https:\/\/tresonsw.com\/index.php\/wp-json\/wp\/v2\/comments?post=492"}],"wp:featuredmedia":[{"embeddable":true,"href":"https:\/\/tresonsw.com\/index.php\/wp-json\/wp\/v2\/media\/494"}],"wp:attachment":[{"href":"https:\/\/tresonsw.com\/index.php\/wp-json\/wp\/v2\/media?parent=492"}],"wp:term":[{"taxonomy":"product_brand","embeddable":true,"href":"https:\/\/tresonsw.com\/index.php\/wp-json\/wp\/v2\/product_brand?post=492"},{"taxonomy":"product_cat","embeddable":true,"href":"https:\/\/tresonsw.com\/index.php\/wp-json\/wp\/v2\/product_cat?post=492"},{"taxonomy":"product_tag","embeddable":true,"href":"https:\/\/tresonsw.com\/index.php\/wp-json\/wp\/v2\/product_tag?post=492"}],"curies":[{"name":"wp","href":"https:\/\/api.w.org\/{rel}","templated":true}]}}