{"id":199,"date":"2024-03-24T23:33:42","date_gmt":"2024-03-24T23:33:42","guid":{"rendered":"https:\/\/tresonsw.com\/?post_type=product&#038;p=199"},"modified":"2024-05-20T00:44:03","modified_gmt":"2024-05-20T00:44:03","slug":"dtm-acrilico-brillante","status":"publish","type":"product","link":"https:\/\/tresonsw.com\/index.php\/producto\/dtm-acrilico-brillante\/","title":{"rendered":"DTM Acr\u00edlico Brillante"},"content":{"rendered":"<p>Es un recubrimiento acr\u00edlico base agua, resistente a la corrosi\u00f3n para usos industriales ligeros a moderados. Tiene bajo olor y bajo VOC.<\/p>\n<p>Presentaciones:\u00a0<span class=\"container-data\">Gal\u00f3n (4 Lts) y cubeta (19 Lts)<\/span><\/p>\n<p>BENEFICIOS:<\/p>\n<ul class=\"list-benefits\">\n<li>Primario y acabado.<\/li>\n<li><i class=\"fa fa-check\"><\/i>Excelente resistencia a la corrosi\u00f3n.<\/li>\n<li><i class=\"fa fa-check\"><\/i>Secado r\u00e1pido.<\/li>\n<li><i class=\"fa fa-check\"><\/i>Excelente resistencia a la intemperie.<\/li>\n<li><i class=\"fa fa-check\"><\/i>Excelente adherencia en una gran diversidad de sustratos.<\/li>\n<li><i class=\"fa fa-check\"><\/i>Brillante.<\/li>\n<\/ul>\n","protected":false},"excerpt":{"rendered":"<p>Es un recubrimiento acr\u00edlico base agua, resistente a la corrosi\u00f3n para usos industriales ligeros a moderados. Tiene bajo olor y bajo VOC.<\/p>\n<p>Presentaciones:\u00a0<span class=\"container-data\">Gal\u00f3n (4 Lts) y cubeta (19 Lts)<\/span><\/p>\n<h3><a href=\"https:\/\/wa.link\/r972e5\">COTIZAR PRODUCTO<\/a><\/h3>\n","protected":false},"featured_media":200,"comment_status":"open","ping_status":"closed","template":"","meta":{"saved_in_kubio":false,"_joinchat":[]},"product_brand":[],"product_cat":[28],"product_tag":[33],"class_list":{"0":"post-199","1":"product","2":"type-product","3":"status-publish","4":"has-post-thumbnail","6":"product_cat-recubrimiento","7":"product_tag-recubrimiento-acrilico","9":"first","10":"instock","11":"shipping-taxable","12":"product-type-simple"},"_links":{"self":[{"href":"https:\/\/tresonsw.com\/index.php\/wp-json\/wp\/v2\/product\/199","targetHints":{"allow":["GET"]}}],"collection":[{"href":"https:\/\/tresonsw.com\/index.php\/wp-json\/wp\/v2\/product"}],"about":[{"href":"https:\/\/tresonsw.com\/index.php\/wp-json\/wp\/v2\/types\/product"}],"replies":[{"embeddable":true,"href":"https:\/\/tresonsw.com\/index.php\/wp-json\/wp\/v2\/comments?post=199"}],"wp:featuredmedia":[{"embeddable":true,"href":"https:\/\/tresonsw.com\/index.php\/wp-json\/wp\/v2\/media\/200"}],"wp:attachment":[{"href":"https:\/\/tresonsw.com\/index.php\/wp-json\/wp\/v2\/media?parent=199"}],"wp:term":[{"taxonomy":"product_brand","embeddable":true,"href":"https:\/\/tresonsw.com\/index.php\/wp-json\/wp\/v2\/product_brand?post=199"},{"taxonomy":"product_cat","embeddable":true,"href":"https:\/\/tresonsw.com\/index.php\/wp-json\/wp\/v2\/product_cat?post=199"},{"taxonomy":"product_tag","embeddable":true,"href":"https:\/\/tresonsw.com\/index.php\/wp-json\/wp\/v2\/product_tag?post=199"}],"curies":[{"name":"wp","href":"https:\/\/api.w.org\/{rel}","templated":true}]}}