{"id":187,"date":"2024-03-24T23:27:56","date_gmt":"2024-03-24T23:27:56","guid":{"rendered":"https:\/\/tresonsw.com\/?post_type=product&#038;p=187"},"modified":"2024-05-20T00:44:35","modified_gmt":"2024-05-20T00:44:35","slug":"acri-pisos","status":"publish","type":"product","link":"https:\/\/tresonsw.com\/index.php\/producto\/acri-pisos\/","title":{"rendered":"Acri-Pisos"},"content":{"rendered":"<p>Es un recubrimiento acr\u00edlico base agua que crea una pel\u00edcula sobre el suelo la cual le otorga excelente resistencia contra el tr\u00e1nsito ligero en instalaciones comerciales, manufactureras y de vivienda ayudando a mantener en \u00f3ptimas condiciones las superficies que fueron recubiertas. Acri-Pisos ofrece los mejores resultados debido a que es f\u00e1cil aplicaci\u00f3n y de secado r\u00e1pido con lo que podr\u00e1 poner en uso sus instalaciones en un lapso muy corto.<\/p>\n<p>Presentaciones:\u00a0<span class=\"container-data\">Gal\u00f3n (4 Lts)<\/span><\/p>\n<p>BENEFICIOS:<\/p>\n<ul>\n<li>Ideal para asfalto y concreto.<\/li>\n<li><i class=\"fa fa-check\"><\/i>Base agua.<\/li>\n<li><i class=\"fa fa-check\"><\/i>Un solo componente.<\/li>\n<li><i class=\"fa fa-check\"><\/i>Antiderrapante.<\/li>\n<\/ul>\n","protected":false},"excerpt":{"rendered":"<p>Es un recubrimiento acr\u00edlico base agua que crea una pel\u00edcula sobre el suelo la cual le otorga excelente resistencia contra el tr\u00e1nsito ligero en instalaciones comerciales, manufactureras y de vivienda ayudando a mantener en \u00f3ptimas condiciones las superficies que fueron recubiertas. Acri-Pisos ofrece los mejores resultados debido a que es f\u00e1cil aplicaci\u00f3n y de secado r\u00e1pido con lo que podr\u00e1 poner en uso sus instalaciones en un lapso muy corto.<\/p>\n<p>Presentaciones:\u00a0<span class=\"container-data\">Gal\u00f3n (4 Lts)<\/span><\/p>\n<h3><a href=\"https:\/\/wa.link\/r972e5\">COTIZAR PRODUCTO<\/a><\/h3>\n","protected":false},"featured_media":188,"comment_status":"open","ping_status":"closed","template":"","meta":{"saved_in_kubio":false,"_joinchat":[]},"product_brand":[],"product_cat":[28],"product_tag":[33],"class_list":{"0":"post-187","1":"product","2":"type-product","3":"status-publish","4":"has-post-thumbnail","6":"product_cat-recubrimiento","7":"product_tag-recubrimiento-acrilico","9":"first","10":"instock","11":"shipping-taxable","12":"product-type-simple"},"_links":{"self":[{"href":"https:\/\/tresonsw.com\/index.php\/wp-json\/wp\/v2\/product\/187","targetHints":{"allow":["GET"]}}],"collection":[{"href":"https:\/\/tresonsw.com\/index.php\/wp-json\/wp\/v2\/product"}],"about":[{"href":"https:\/\/tresonsw.com\/index.php\/wp-json\/wp\/v2\/types\/product"}],"replies":[{"embeddable":true,"href":"https:\/\/tresonsw.com\/index.php\/wp-json\/wp\/v2\/comments?post=187"}],"wp:featuredmedia":[{"embeddable":true,"href":"https:\/\/tresonsw.com\/index.php\/wp-json\/wp\/v2\/media\/188"}],"wp:attachment":[{"href":"https:\/\/tresonsw.com\/index.php\/wp-json\/wp\/v2\/media?parent=187"}],"wp:term":[{"taxonomy":"product_brand","embeddable":true,"href":"https:\/\/tresonsw.com\/index.php\/wp-json\/wp\/v2\/product_brand?post=187"},{"taxonomy":"product_cat","embeddable":true,"href":"https:\/\/tresonsw.com\/index.php\/wp-json\/wp\/v2\/product_cat?post=187"},{"taxonomy":"product_tag","embeddable":true,"href":"https:\/\/tresonsw.com\/index.php\/wp-json\/wp\/v2\/product_tag?post=187"}],"curies":[{"name":"wp","href":"https:\/\/api.w.org\/{rel}","templated":true}]}}