{"id":166,"date":"2024-03-24T22:50:35","date_gmt":"2024-03-24T22:50:35","guid":{"rendered":"https:\/\/tresonsw.com\/?post_type=product&#038;p=166"},"modified":"2025-03-15T00:15:57","modified_gmt":"2025-03-15T00:15:57","slug":"esmalte-epoxico-antibacterial","status":"publish","type":"product","link":"https:\/\/tresonsw.com\/index.php\/producto\/esmalte-epoxico-antibacterial\/","title":{"rendered":"Esmalte Ep\u00f3xico Antibacterial"},"content":{"rendered":"<p>Es un recubrimiento de resina ep\u00f3xica de dos componentes, catalizado y formulado para un alto desempe\u00f1o. Es ideal para combatir la formaci\u00f3n de algas, hongos y bacterias. No emite olor a disolvente, por lo que es ideal para \u00e1reas donde es importante que el olor pase inadvertido, como cocinas, plantas procesadoras de alimentos, \u00e1reas infantiles, hoteles, restaurantes y en todas aquellas \u00e1reas donde se requiera protecci\u00f3n antibacterial. Se usa en interiores en \u00e1reas de alto mantenimiento otorgando una protecci\u00f3n excelente sin ampollamiento ni sangrados, representando ahorros tanto en tiempo como en dinero.<\/p>\n<p>Presentaciones:\u00a0<span class=\"container-data\">Gal\u00f3n (4 Lts) y cubeta (19 Lts)<\/span><\/p>\n<p>BENEFICIOS:<\/p>\n<ul>\n<li>Elimina el 99.9% de hongos y bacterias.<\/li>\n<li><i class=\"fa fa-check\"><\/i>Resistente a la abrasi\u00f3n.<\/li>\n<li><i class=\"fa fa-check\"><\/i>No emite olor a disolvente.<\/li>\n<li><i class=\"fa fa-check\"><\/i>Alta lavabilidad.<\/li>\n<li><i class=\"fa fa-check\"><\/i>Bajo VOC*.<\/li>\n<\/ul>\n","protected":false},"excerpt":{"rendered":"<p>Es un recubrimiento de resina ep\u00f3xica de dos componentes, catalizado y formulado para un alto desempe\u00f1o. Es ideal para combatir la formaci\u00f3n de algas, hongos y bacterias. No emite olor a disolvente, por lo que es ideal para \u00e1reas donde es importante que el olor pase inadvertido, como cocinas, plantas procesadoras de alimentos, \u00e1reas infantiles, hoteles, restaurantes y en todas aquellas \u00e1reas donde se requiera protecci\u00f3n antibacterial. Se usa en interiores en \u00e1reas de alto mantenimiento otorgando una protecci\u00f3n excelente sin ampollamiento ni sangrados, representando ahorros tanto en tiempo como en dinero.<\/p>\n<p>Presentaciones:\u00a0<span class=\"container-data\">Gal\u00f3n (4 Lts) y cubeta (19 Lts)<\/span><\/p>\n<h3><a href=\"https:\/\/wa.link\/r972e5\">COTIZAR PRODUCTO<\/a><\/h3>\n","protected":false},"featured_media":167,"comment_status":"open","ping_status":"closed","template":"","meta":{"saved_in_kubio":false,"_joinchat":[]},"product_brand":[],"product_cat":[81,26],"product_tag":[38],"class_list":{"0":"post-166","1":"product","2":"type-product","3":"status-publish","4":"has-post-thumbnail","6":"product_cat-antibacterial","7":"product_cat-esmalte","8":"product_tag-recubrimiento-resina","10":"first","11":"instock","12":"shipping-taxable","13":"product-type-simple"},"_links":{"self":[{"href":"https:\/\/tresonsw.com\/index.php\/wp-json\/wp\/v2\/product\/166","targetHints":{"allow":["GET"]}}],"collection":[{"href":"https:\/\/tresonsw.com\/index.php\/wp-json\/wp\/v2\/product"}],"about":[{"href":"https:\/\/tresonsw.com\/index.php\/wp-json\/wp\/v2\/types\/product"}],"replies":[{"embeddable":true,"href":"https:\/\/tresonsw.com\/index.php\/wp-json\/wp\/v2\/comments?post=166"}],"wp:featuredmedia":[{"embeddable":true,"href":"https:\/\/tresonsw.com\/index.php\/wp-json\/wp\/v2\/media\/167"}],"wp:attachment":[{"href":"https:\/\/tresonsw.com\/index.php\/wp-json\/wp\/v2\/media?parent=166"}],"wp:term":[{"taxonomy":"product_brand","embeddable":true,"href":"https:\/\/tresonsw.com\/index.php\/wp-json\/wp\/v2\/product_brand?post=166"},{"taxonomy":"product_cat","embeddable":true,"href":"https:\/\/tresonsw.com\/index.php\/wp-json\/wp\/v2\/product_cat?post=166"},{"taxonomy":"product_tag","embeddable":true,"href":"https:\/\/tresonsw.com\/index.php\/wp-json\/wp\/v2\/product_tag?post=166"}],"curies":[{"name":"wp","href":"https:\/\/api.w.org\/{rel}","templated":true}]}}