{"id":158,"date":"2024-03-24T22:41:50","date_gmt":"2024-03-24T22:41:50","guid":{"rendered":"https:\/\/tresonsw.com\/?post_type=product&#038;p=158"},"modified":"2024-05-20T00:49:30","modified_gmt":"2024-05-20T00:49:30","slug":"sherlastic-plus","status":"publish","type":"product","link":"https:\/\/tresonsw.com\/index.php\/producto\/sherlastic-plus\/","title":{"rendered":"Sherlastic Plus"},"content":{"rendered":"<p>Es un recubrimiento 100% acr\u00edlico modificado, el cual fue especialmente dise\u00f1ado con una triple acci\u00f3n. Corrige peque\u00f1as fisuras e imperfecciones presentes en la superficie. Es impermeable por lo cual sus muros estar\u00e1n protegidos contra los efectos de la humedad. Tiene gran efecto de aislamiento t\u00e9rmico, con el cual podr\u00e1 mantener sus interiores m\u00e1s frescos.<\/p>\n<p>Presentaciones:\u00a0<span class=\"container-data\">Cubeta (19 Lts)<\/span><\/p>\n<p>BENEFICIOS:<\/p>\n<ul>\n<li>Corrige peque\u00f1as fisuras e imperfecciones en la superficie.<\/li>\n<li><i class=\"fa fa-check\"><\/i>Protege contra los efectos de la humedad.<\/li>\n<li><i class=\"fa fa-check\"><\/i>Funciona como aislante t\u00e9rmico.<\/li>\n<li><i class=\"fa fa-check\"><\/i>Tolera superficies alcalinas.<\/li>\n<li><i class=\"fa fa-check\"><\/i>Uso para interiores y exteriores<\/li>\n<\/ul>\n","protected":false},"excerpt":{"rendered":"<p>Es un recubrimiento 100% acr\u00edlico modificado, el cual fue especialmente dise\u00f1ado con una triple acci\u00f3n. Corrige peque\u00f1as fisuras e imperfecciones presentes en la superficie. Es impermeable por lo cual sus muros estar\u00e1n protegidos contra los efectos de la humedad. Tiene gran efecto de aislamiento t\u00e9rmico, con el cual podr\u00e1 mantener sus interiores m\u00e1s frescos.<\/p>\n<p>Presentaciones:\u00a0<span class=\"container-data\">Cubeta (19 Lts)<\/span><\/p>\n<h3><a href=\"https:\/\/wa.link\/r972e5\">COTIZAR PRODUCTO<\/a><\/h3>\n","protected":false},"featured_media":159,"comment_status":"open","ping_status":"closed","template":"","meta":{"saved_in_kubio":false,"_joinchat":[]},"product_brand":[],"product_cat":[28],"product_tag":[33],"class_list":{"0":"post-158","1":"product","2":"type-product","3":"status-publish","4":"has-post-thumbnail","6":"product_cat-recubrimiento","7":"product_tag-recubrimiento-acrilico","9":"first","10":"instock","11":"shipping-taxable","12":"product-type-simple"},"_links":{"self":[{"href":"https:\/\/tresonsw.com\/index.php\/wp-json\/wp\/v2\/product\/158","targetHints":{"allow":["GET"]}}],"collection":[{"href":"https:\/\/tresonsw.com\/index.php\/wp-json\/wp\/v2\/product"}],"about":[{"href":"https:\/\/tresonsw.com\/index.php\/wp-json\/wp\/v2\/types\/product"}],"replies":[{"embeddable":true,"href":"https:\/\/tresonsw.com\/index.php\/wp-json\/wp\/v2\/comments?post=158"}],"wp:featuredmedia":[{"embeddable":true,"href":"https:\/\/tresonsw.com\/index.php\/wp-json\/wp\/v2\/media\/159"}],"wp:attachment":[{"href":"https:\/\/tresonsw.com\/index.php\/wp-json\/wp\/v2\/media?parent=158"}],"wp:term":[{"taxonomy":"product_brand","embeddable":true,"href":"https:\/\/tresonsw.com\/index.php\/wp-json\/wp\/v2\/product_brand?post=158"},{"taxonomy":"product_cat","embeddable":true,"href":"https:\/\/tresonsw.com\/index.php\/wp-json\/wp\/v2\/product_cat?post=158"},{"taxonomy":"product_tag","embeddable":true,"href":"https:\/\/tresonsw.com\/index.php\/wp-json\/wp\/v2\/product_tag?post=158"}],"curies":[{"name":"wp","href":"https:\/\/api.w.org\/{rel}","templated":true}]}}