{"id":653,"date":"2024-05-23T01:02:04","date_gmt":"2024-05-23T01:02:04","guid":{"rendered":"https:\/\/tresonsw.com\/?page_id=653"},"modified":"2024-05-23T01:02:05","modified_gmt":"2024-05-23T01:02:05","slug":"terminos-y-condiciones","status":"publish","type":"page","link":"https:\/\/tresonsw.com\/index.php\/terminos-y-condiciones\/","title":{"rendered":"T\u00e9rminos y condiciones"},"content":{"rendered":"\n<p>Bienvenido a TRESON. Estos t\u00e9rminos y condiciones describen las reglas y regulaciones para el uso del sitio web de TRESON, accesible desde https:\/\/tresonsw.com\/ . Al acceder a este sitio web, asumimos que aceptas estos t\u00e9rminos y condiciones en su totalidad. No contin\u00faes utilizando el sitio web de TRESON si no aceptas todos los t\u00e9rminos y condiciones establecidos en esta p\u00e1gina.<\/p>\n\n\n\n<p>La siguiente terminolog\u00eda se aplica a estos T\u00e9rminos y Condiciones, Declaraci\u00f3n de Privacidad y Aviso de Exenci\u00f3n de Responsabilidad y cualquiera o todos los Acuerdos:<\/p>\n\n\n\n<ul class=\"wp-block-list\">\n<li>&#8220;Cliente&#8221;, &#8220;T\u00fa&#8221; y &#8220;Tu&#8221; se refiere a ti, la persona que accede a este sitio web y acepta los t\u00e9rminos y condiciones de la Compa\u00f1\u00eda.<\/li>\n\n\n\n<li>&#8220;La Compa\u00f1\u00eda&#8221;, &#8220;Nosotros&#8221;, &#8220;Nuestro&#8221; y &#8220;Nos&#8221; se refiere a nuestra Compa\u00f1\u00eda.<\/li>\n\n\n\n<li>&#8220;Parte&#8221;, &#8220;Partes&#8221; o &#8220;Nosotros&#8221;, se refiere tanto al Cliente como a nosotros mismos, o al Cliente o a nosotros mismos.<\/li>\n<\/ul>\n\n\n\n<p>Al utilizar nuestro sitio web, garantizas que tienes al menos 18 a\u00f1os o utilizas el sitio bajo la supervisi\u00f3n de un adulto. Eres responsable de mantener la confidencialidad de tu cuenta y contrase\u00f1a y de restringir el acceso a tu computadora. Aceptas la responsabilidad de todas las actividades que ocurran bajo tu cuenta o contrase\u00f1a.<\/p>\n\n\n\n<p>TRESON es un sitio web informativo que proporciona informaci\u00f3n sobre tiendas f\u00edsicas de pinturas, siendo distribuidores autorizados de Sherwin-Williams, y que ofrece servicios de aplicaci\u00f3n de pintura. Toda la informaci\u00f3n y los servicios proporcionados en el sitio est\u00e1n sujetos a cambios sin previo aviso.<\/p>\n\n\n\n<p>Todos los derechos de propiedad intelectual sobre el contenido de este sitio web, incluyendo textos, gr\u00e1ficos, logotipos, \u00edconos, im\u00e1genes y software, son propiedad de TRESON o de sus proveedores de contenido y est\u00e1n protegidos por leyes de derechos de autor y otras leyes de propiedad intelectual. No se permite la reproducci\u00f3n, duplicaci\u00f3n, copia, venta, reventa o explotaci\u00f3n de ninguna parte del sitio para fines comerciales sin nuestro consentimiento expreso por escrito.<\/p>\n\n\n\n<p>Se te concede una licencia limitada para acceder y hacer un uso personal del sitio, pero no para descargar (excepto cach\u00e9 de p\u00e1ginas) o modificarlo, o cualquier parte del mismo, salvo con el consentimiento expreso por escrito de TRESON. Esta licencia no incluye ninguna reventa o uso comercial del sitio o sus contenidos; cualquier recopilaci\u00f3n y uso de cualquier listado de productos, descripciones o precios; cualquier uso derivado del sitio o su contenido; cualquier descarga o copia de informaci\u00f3n de cuenta para el beneficio de otro comerciante; o cualquier uso de miner\u00eda de datos, robots o herramientas similares de recopilaci\u00f3n y extracci\u00f3n de datos.<\/p>\n\n\n\n<p>Los usuarios pueden publicar comentarios, rese\u00f1as y otros contenidos, enviar sugerencias, ideas, comentarios, preguntas u otra informaci\u00f3n, siempre que el contenido no sea ilegal, obsceno, amenazante, difamatorio, invasivo de la privacidad, infractor de derechos de propiedad intelectual, o de otra manera perjudicial para terceros o censurable y no contenga o consista en virus de software, campa\u00f1as pol\u00edticas, solicitudes comerciales, cadenas de cartas, correos masivos o cualquier forma de &#8220;spam&#8221;.<\/p>\n\n\n\n<p>TRESON puede recopilar ciertos datos personales de los usuarios del sitio web para proporcionar nuestros servicios. Los datos personales que podemos recopilar incluyen, pero no se limitan a:<\/p>\n\n\n\n<ul class=\"wp-block-list\">\n<li>Nombre<\/li>\n\n\n\n<li>Direcci\u00f3n de correo electr\u00f3nico<\/li>\n\n\n\n<li>N\u00famero de tel\u00e9fono<\/li>\n<\/ul>\n\n\n\n<p>La informaci\u00f3n personal que recopilamos puede ser utilizada para los siguientes prop\u00f3sitos:<\/p>\n\n\n\n<ul class=\"wp-block-list\">\n<li>Proveer y mejorar nuestros servicios<\/li>\n\n\n\n<li>Comunicarnos contigo, incluyendo para la atenci\u00f3n al cliente y soporte t\u00e9cnico<\/li>\n\n\n\n<li>Procesar transacciones y enviar informaci\u00f3n relacionada, incluyendo confirmaciones y facturas<\/li>\n\n\n\n<li>Enviar informaci\u00f3n administrativa, como cambios a nuestros t\u00e9rminos, condiciones y pol\u00edticas<\/li>\n\n\n\n<li>Administrar encuestas, concursos o promociones<\/li>\n\n\n\n<li>Mejorar nuestro sitio web y esfuerzos de marketing<\/li>\n<\/ul>\n\n\n\n<p>Nos comprometemos a proteger la seguridad de tus datos personales. Utilizamos una variedad de medidas de seguridad para asegurar la confidencialidad, integridad y disponibilidad de tus datos personales. Sin embargo, ten en cuenta que ninguna transmisi\u00f3n por internet es completamente segura y, aunque nos esforzamos por proteger tu informaci\u00f3n personal, no podemos garantizar su seguridad absoluta.<\/p>\n\n\n\n<p>TRESON no vender\u00e1, alquilar\u00e1 ni compartir\u00e1 tus datos personales con terceros sin tu consentimiento, excepto en los siguientes casos:<\/p>\n\n\n\n<ul class=\"wp-block-list\">\n<li>Cuando sea necesario para proporcionar los servicios que has solicitado<\/li>\n\n\n\n<li>Cuando sea requerido por ley o en respuesta a un proceso legal<\/li>\n\n\n\n<li>Para proteger los derechos, propiedad o seguridad de TRESON, nuestros usuarios u otros<\/li>\n<\/ul>\n\n\n\n<p>De acuerdo con la Ley Federal de Protecci\u00f3n de Datos Personales en Posesi\u00f3n de los Particulares (LFPDPPP) en M\u00e9xico, tienes derecho a acceder, rectificar, cancelar y oponerte al tratamiento de tus datos personales. Para ejercer estos derechos, por favor cont\u00e1ctanos a trav\u00e9s de los medios proporcionados en la secci\u00f3n de Contacto.<\/p>\n\n\n\n<p>En la medida m\u00e1xima permitida por la ley aplicable, TRESON no ser\u00e1 responsable por ning\u00fan da\u00f1o indirecto, incidental, especial, consecuente o punitivo, incluyendo, sin limitaci\u00f3n, la p\u00e9rdida de beneficios, datos, uso, fondo de comercio u otras p\u00e9rdidas intangibles, resultantes de (i) tu acceso a o uso de o incapacidad para acceder a o usar el sitio; (ii) cualquier conducta o contenido de cualquier tercero en el sitio; (iii) cualquier contenido obtenido del sitio; y (iv) el acceso, uso o alteraci\u00f3n no autorizados de tus transmisiones o contenido, basado en garant\u00eda, contrato, agravio (incluyendo negligencia) o cualquier otra teor\u00eda legal, incluso si TRESON ha sido informado de la posibilidad de tales da\u00f1os.<\/p>\n\n\n\n<p>Estos t\u00e9rminos y condiciones se regir\u00e1n e interpretar\u00e1n de acuerdo con las leyes de M\u00e9xico, sin dar efecto a ning\u00fan principio de conflictos de leyes. Aceptas someterte a la jurisdicci\u00f3n personal de los tribunales ubicados en M\u00e9xico para cualquier acci\u00f3n relacionada con estos t\u00e9rminos y condiciones o tu uso de este sitio.<\/p>\n\n\n\n<p>Nos reservamos el derecho a modificar estos t\u00e9rminos y condiciones en cualquier momento. Te notificaremos de cualquier cambio actualizando la fecha &#8220;\u00daltima actualizaci\u00f3n&#8221; de estos t\u00e9rminos y condiciones. Es tu responsabilidad revisar estos t\u00e9rminos y condiciones peri\u00f3dicamente para estar informado de cualquier cambio. El uso continuado de este sitio tras la publicaci\u00f3n de cualquier cambio constituir\u00e1 tu aceptaci\u00f3n de los mismos.<\/p>\n\n\n\n<p>Si tienes alguna pregunta sobre estos T\u00e9rminos y Condiciones, por favor cont\u00e1ctanos en:<\/p>\n\n\n\n<p>Correo electr\u00f3nico: contacto@tresonsw.com<\/p>\n","protected":false},"excerpt":{"rendered":"<p>Bienvenido a TRESON. Estos t\u00e9rminos y condiciones describen las reglas y regulaciones para el uso del sitio web de TRESON, accesible desde https:\/\/tresonsw.com\/ . Al acceder a este sitio web, asumimos que aceptas estos t\u00e9rminos y condiciones en su totalidad. No contin\u00faes utilizando el sitio web de TRESON si no aceptas todos los t\u00e9rminos y [&hellip;]<\/p>\n","protected":false},"author":1,"featured_media":0,"parent":0,"menu_order":0,"comment_status":"closed","ping_status":"closed","template":"","meta":{"saved_in_kubio":false,"_joinchat":[],"footnotes":""},"class_list":["post-653","page","type-page","status-publish","hentry"],"kubio_ai_page_context":{"short_desc":"","purpose":"general"},"_links":{"self":[{"href":"https:\/\/tresonsw.com\/index.php\/wp-json\/wp\/v2\/pages\/653","targetHints":{"allow":["GET"]}}],"collection":[{"href":"https:\/\/tresonsw.com\/index.php\/wp-json\/wp\/v2\/pages"}],"about":[{"href":"https:\/\/tresonsw.com\/index.php\/wp-json\/wp\/v2\/types\/page"}],"author":[{"embeddable":true,"href":"https:\/\/tresonsw.com\/index.php\/wp-json\/wp\/v2\/users\/1"}],"replies":[{"embeddable":true,"href":"https:\/\/tresonsw.com\/index.php\/wp-json\/wp\/v2\/comments?post=653"}],"version-history":[{"count":1,"href":"https:\/\/tresonsw.com\/index.php\/wp-json\/wp\/v2\/pages\/653\/revisions"}],"predecessor-version":[{"id":654,"href":"https:\/\/tresonsw.com\/index.php\/wp-json\/wp\/v2\/pages\/653\/revisions\/654"}],"wp:attachment":[{"href":"https:\/\/tresonsw.com\/index.php\/wp-json\/wp\/v2\/media?parent=653"}],"curies":[{"name":"wp","href":"https:\/\/api.w.org\/{rel}","templated":true}]}}